s the tens digit of p?
3
Let q be 8/(-6)*42/4. Let j = 30 + q. What is the units digit of j?
6
Suppose 7*z - 410 = 2*z. What is the tens digit of z?
8
Let i(t) = 70*t + 43. What is the tens digit of i(4)?
2
Suppose c + 2 = 2*y, -2*y - y = -15. What is the units digit of c?
8
Suppose -2*n + 21 = -5. What is the units digit of n?
3
Suppose -3*j + 20 = -8*j. What is the units digit of j*((-16)/(-4))/(-4)?
4
Let j = -79 + 207. What is the hundreds digit of j?
1
Let w(a) = -6*a - 2. Let l be w(-1). Let j be (-1 - 2)*10/(-3). Suppose g = -l*g + j. What is the units digit of g?
2
Suppose 5*c - 812 = w - 0*w, -3*c = 3*w - 498. What is the tens digit of c?
6
Let c(y) be the first derivative of -y**3/3 + 7*y**2/2 - 7*y - 2. Let j be c(5). Suppose 14 = j*r + b, 0*r + 2*r + 4*b - 6 = 0. What is the units digit of r?
5
Let j = -89 - -124. What is the tens digit of j?
3
Let j(p) = -p**3 + p. Let o(s) = -5*s**3 + s**2 + 6*s. Let v(a) = -6*j(a) + o(a). Suppose h - 3*z = 4 + 10, -3*h - 2*z = 2. What is the units digit of v(h)?
2
Let p(s) = -s - 3. Let x be p(9). Let u = 15 + x. What is the units digit of u?
3
Suppose -h - 5*i = -0*h - 44, -28 = -h + 3*i. What is the units digit of h?
4
Suppose -2 = -4*m + 6. Suppose -4*v + 2*r + 14 = 7*r, -m*r = -2*v + 16. What is the units digit of v?
6
Let f be (-3 - 3/(-3)) + 67. Let l be f/10 + 2/(-4). Suppose l*m - 4*m = 38. What is the units digit of m?
9
Suppose -3*b - 3*h = -6, -3*h + 13 = -b - 5. Suppose 0 = w - 5*t + 14 - 5, -9 = -3*t. Let i = w + b. What is the units digit of i?
3
Suppose 0 = -0*w - 5*w + 1430. What is the tens digit of w?
8
Let a be ((-6)/(-7))/(2/(-28)). Suppose 3*v + 2*v + 260 = 0. What is the units digit of v/a - 1/3?
4
Let i be (0/(-1))/(1 + 1). Suppose 4*l = 28 - 12. Suppose l*h = -y - i + 1, h = 0. What is the units digit of y?
1
Suppose -15*p - 5*p = -8180. What is the tens digit of p?
0
What is the tens digit of ((-165)/(-44))/(2/40)?
7
Suppose -3*s - 6 = -0*a + 3*a, 2*s + 3*a + 6 = 0. Suppose s = -3*m + 4*l - 3*l + 6, -2*m - 4*l + 4 = 0. Suppose m*f + 3*f - 5 = 0. What is the units digit of f?
1
Let u(j) = -j**3 - j**2 + 4. Suppose 5*f - 3*f = 0. What is the units digit of u(f)?
4
Suppose -2*x + 8 = -0*x. Suppose 4*g - 4 = -2*o + 2, -4*o = -x*g. What is the units digit of (-1)/(o + (-27)/24)?
8
Let g(y) be the first derivative of -y**3/3 - 7*y**2/2 - 2*y - 3. Let f be g(-7). What is the units digit of 1*2/(-2)*f?
2
Let r(d) = -d**3 + 5*d**2 - 3*d - 1. Let w be r(4). Suppose 0 = w*f - f - 10. What is the units digit of f?
5
Let r(x) = x + 1. Let p(m) = m**3 + 9*m**2 + 3*m + 6. Let w be 4/(-6) - (-10)/6. Let c(b) = w*r(b) - p(b). What is the tens digit of c(-9)?
1
Let x(t) = -t**3 - 6*t**2 - 2*t - 8. Let g be x(-6). Suppose -g*u + 5*r = -134 - 11, 3*u - 75 = -3*r. What is the units digit of u?
0
Suppose -3*o - 3*y - 9 = 0, 2*y + y + 1 = 5*o. What is the units digit of o*(-6)/15*5?
2
Suppose -3*b + p - 22 = -p, 15 = -5*b - p. Let w(k) = -k**3 - 5*k**2 - 4*k + 4. Let i be w(b). Let j = 4 + i. What is the units digit of j?
8
Suppose -2*u + 3 + 1 = 0. Let g be 0 + 1 + (-4)/(-2). What is the units digit of u*g*1/1?
6
Let w = 27 + -14. Let p = -5 + w. What is the units digit of p?
8
Let l = 8 - -32. Suppose g = 4*f + 10, -g + l = 2*g - 2*f. What is the units digit of g?
4
Let t = 5 - 7. What is the tens digit of 35/14*(-8)/t?
1
Suppose 9*i = 11*i - 46. What is the units digit of i?
3
Let a(r) = -6*r - 3. Let b be a(3). Let w = -6 - b. What is the units digit of w?
5
What is the tens digit of (-52)/(-6)*(13 + 14/(-2))?
5
Let w be -2*2/(-4)*-3. Let s(d) = 2*d**2 - 4*d. What is the units digit of s(w)?
0
Let u(q) = q**2 - q - 21. What is the tens digit of u(9)?
5
Let o be 221/39 + 2/(-3). Suppose -2*j - b = -74, 4*j + j - o*b = 185. What is the units digit of j?
7
Suppose 0*j = 2*j - 2*f - 12, 0 = 5*f + 5. What is the units digit of j?
5
Let i(z) = -z**2 - 4*z - 2. Let h be i(-2). Suppose 0 = h*s - 3 - 1. What is the units digit of s/2 - (-2 + -6)?
9
Suppose 15*v = 11*v + 20. Suppose 0 = -0*r + 3*r - 9. Suppose -r = 2*z - v. What is the units digit of z?
1
Suppose 0 = 3*c + 2*x - 148, -237 = -5*c + 5*x - 32. What is the tens digit of c?
4
Let r = 11 + -6. What is the units digit of r?
5
Suppose 2*h - 5*g + 2 - 14 = 0, -5*h = -g + 16. Let v = h + 10. What is the tens digit of 3/2 + 69/v?
1
Let a(i) = i**2 + 3*i + 3. Let r be a(-3). Suppose 5*s - 2*l - 65 = -5*l, 0 = -r*s - 3*l + 33. Suppose -2*p + 6 = -s. What is the tens digit of p?
1
Let n(c) = 2*c. Let z be n(2). Suppose 0*f = z*f. What is the units digit of (f - 1)*-2 + 3?
5
Suppose 2 + 14 = 4*s, -2*s = 3*g - 197. What is the units digit of g?
3
Let k(h) = h**2 + 2*h - 1. Let i = -8 + 4. What is the units digit of k(i)?
7
Suppose -5*u + h = 5*h - 717, 3*u + 3*h = 432. What is the units digit of u?
1
Suppose -3*s = -0*s - 12. Let r be s/(-5)*(-10)/(-2). What is the units digit of (2/r)/((-3)/36)?
6
Let g(q) = q**2 + 7*q - 14. What is the tens digit of g(-10)?
1
Let j(m) = m**3 + 8*m**2 - 9*m - 12. Let g be j(-8). Suppose 0*k + g = 5*k. What is the units digit of k?
2
Suppose 0 = 3*c - 6*c + 60. What is the tens digit of c?
2
Let c be 2/(1*3/(-6)). Let o = -3 - c. What is the units digit of 0 + o*6/3?
2
Suppose 4 - 6 = -2*b. What is the units digit of (b + -6)*(-27)/45?
3
Suppose o + 2*y = 3, -o = -0*o - y. Let p = 4 + o. What is the units digit of p?
5
Let q(n) = 9*n**3 - n**2 - 8*n - 8. Let t(x) = 5*x**3 - x**2 - 4*x - 4. Let z(c) = 4*q(c) - 7*t(c). What is the units digit of z(-3)?
8
Suppose 4*s = 3*g + 751, -g + 965 = 5*s + 4*g. What is the units digit of s?
0
What is the hundreds digit of (-8)/10*(-20500)/40?
4
Suppose 0 = j + 2*f - 0 - 8, -4*f + 4 = -j. Let a = j - -5. What is the units digit of a?
9
Let x(z) = 6*z - 1. Let y be x(-1). Suppose 0 = 2*j + 3*r + 22 + 11, 0 = -j - r - 15. Let w = y - j. What is the units digit of w?
5
What is the units digit of 6456/60 + (-2)/(-5)?
8
Suppose -2*m = 2*y - 3*y - 8, 0 = 2*y + 3*m + 9. What is the units digit of (y/4)/((-6)/88)?
2
Suppose -3*a - 139 = -2*m + 2*a, -3*m = -4*a - 219. What is the units digit of m?
7
Suppose -g = 4*b - 4*g + 22, 5*g = -10. Let u(k) = -k. What is the units digit of u(b)?
7
Suppose 5*k + 0*k = 50. What is the tens digit of k?
1
Let k(c) = -5*c - 1. Let u(w) = w**2 - 2*w - 4. Let x be u(4). Suppose -z = v - 0 - 3, -x*z - 33 = -5*v. What is the units digit of k(z)?
9
Suppose -t + 80 = 5*w - 77, -4*t = 2*w - 70. What is the units digit of w?
1
What is the tens digit of -1*58/(-2) + -4?
2
What is the units digit of 2 + 120/28 + (-2)/7?
6
Suppose 2*n - 1 - 17 = 0. Suppose 0 = -n*i + 4*i + 20. Suppose -2*y - m + i = 1, -2*y + 2*m + 18 = 0. What is the units digit of y?
4
Let d(h) = -h**2 + 6*h. Let i be d(5). Suppose -27 = 4*x - i*x. What is the tens digit of x?
2
What is the units digit of -402*-1*(-10)/(-15)?
8
Suppose x + 24 = j, -111 = -6*j + 2*j - x. Let q = 51 - j. What is the tens digit of q?
2
Let v(q) = q - 13. Let u(l) = l**3 - 2*l**2 + 2*l - 4. Let d be u(3). Let o be v(d). What is the units digit of o/(-7) - (-33)/7?
5
Let d = 91 - -16. Let y = -71 + d. What is the units digit of y?
6
Let f = 177 - 141. What is the tens digit of f?
3
What is the tens digit of 5/(-7 - -2)*-157?
5
Suppose 23*f + 161 = 24*f. What is the tens digit of f?
6
Suppose -v - 3*n + n + 294 = 0, 4*v - 4*n - 1212 = 0. Suppose -5*y + 0*y + v = 0. Suppose 0 = -5*d + d + y. What is the units digit of d?
5
Suppose -100 = 2*z - 4*k, z - 268 = 6*z - k. What is the tens digit of ((-12)/(-9))/((-4)/z)?
1
Let u be -3*(2 - 93/9). Suppose 0 = 5*x + u - 85. What is the units digit of x?
2
What is the tens digit of -65*6*(-12)/40?
1
Suppose 37 = 5*h - 3. Suppose 0 = -4*n - 0 + h. What is the tens digit of 19 - n/3*3?
1
Suppose 4*k = 6*k - 104. What is the tens digit of k?
5
Let n(c) = -3 - c**3 + 3*c**2 - 4*c**2 - 3*c**2 + 3*c + 6. Let w be n(-4). What is the units digit of ((-24)/w + -2)*18?
2
Let q(j) = -10*j + 3. What is the tens digit of q(-3)?
3
What is the units digit of (15/(-6) - 2)*-6?
7
Suppose 0 = w - 2*w + 26. What is the units digit of w?
6
Suppose 2*i - 64 = -4*f, -7*i + 3*i + 156 = f. Suppose -y - 3*y = 4*k - 8, -y = -k - 6. Suppose -d = -2*m + y, -4*d = d + 5*m - i. What is the units digit